
What is the remainder when 20712918 is divided by 7680?
7638
Calculate the remainder when 534691 is divided by 376.
19
Calculate the remainder when 30736722 is divided by 27419.
23
Calculate the remainder when 417476 is divided by 32112.
20
What is the remainder when 1185532 is divided by 1562?
1536
What is the remainder when 10587387 is divided by 5958?
21
What is the remainder when 866497847 is divided by 8?
7
What is the remainder when 7432016 is divided by 2686?
2540
Calculate the remainder when 44693000 is divided by 275.
0
Calculate the remainder when 85268 is divided by 17039.
73
Calculate the remainder when 35936759 is divided by 7.
5
What is the remainder when 48108618 is divided by 321?
27
Calculate the remainder when 3709358 is divided by 11.
4
What is the remainder when 164175 is divided by 6?
3
Calculate the remainder when 483482 is divided by 234.
38
What is the remainder when 89345 is divided by 490?
165
What is the remainder when 233770 is divided by 7779?
400
Calculate the remainder when 58697 is divided by 6455.
602
Calculate the remainder when 709380 is divided by 354643.
94
What is the remainder when 1554362 is divided by 412?
298
What is the remainder when 875 is divided by 746?
129
Calculate the remainder when 1427047 is divided by 1996.
1903
What is the remainder when 93302 is divided by 2189?
1364
Calculate the remainder when 11138879 is divided by 38947.
37
What is the remainder when 568688 is divided by 3766?
22
What is the remainder when 7795714 is divided by 104?
82
Calculate the remainder when 5470877 is divided by 16.
13
What is the remainder when 695138 is divided by 231305?
1223
Calculate the remainder when 935394 is divided by 467500.
394
What is the remainder when 190067 is divided by 1016?
75
What is the remainder when 10613997 is divided by 1000?
997
Calculate the remainder when 1777011 is divided by 56.
19
Calculate the remainder when 7218 is divided by 167.
37
What is the remainder when 6716813 is divided by 215?
213
Calculate the remainder when 20937376 is divided by 5207.
29
Calculate the remainder when 32646265 is divided by 15840.
25
Calculate the remainder when 372748 is divided by 73.
10
Calculate the remainder when 4145255 is divided by 238.
9
Calculate the remainder when 56314 is divided by 947.
441
Calculate the remainder when 61423903 is divided by 998.
995
Calculate the remainder when 625460 is divided by 625416.
44
Calculate the remainder when 1037437 is divided by 94312.
5
Calculate the remainder when 1036931 is divided by 345573.
212
What is the remainder when 46283 is divided by 22687?
909
What is the remainder when 27488 is divided by 2062?
682
What is the remainder when 947044 is divided by 16911?
28
Calculate the remainder when 124202542 is divided by 57.
55
Calculate the remainder when 22684945 is divided by 45.
40
What is the remainder when 858939 is divided by 1030?
949
Calculate the remainder when 5884188 is divided by 86.
68
Calculate the remainder when 11124068 is divided by 397288.
4
What is the remainder when 1697539 is divided by 799?
463
What is the remainder when 220088 is divided by 73345?
53
What is the remainder when 14133 is divided by 3456?
309
What is the remainder when 599096 is divided by 290?
246
What is the remainder when 6343070 is divided by 102?
98
What is the remainder when 2917838 is divided by 12?
2
Calculate the remainder when 476479 is divided by 10358.
11
What is the remainder when 1656898 is divided by 828443?
12
What is the remainder when 523676 is divided by 13767?
530
What is the remainder when 919282 is divided by 5407?
92
What is the remainder when 5029755 is divided by 877?
160
Calculate the remainder when 270346 is divided by 14227.
33
Calculate the remainder when 667231 is divided by 2783.
2094
Calculate the remainder when 1563335 is divided by 241.
209
What is the remainder when 3995146 is divided by 302?
290
Calculate the remainder when 17690218 is divided by 258.
190
Calculate the remainder when 470403094 is divided by 100.
94
Calculate the remainder when 2354220 is divided by 16020.
15300
Calculate the remainder when 67301 is divided by 3253.
2241
What is the remainder when 2842117 is divided by 152?
21
Calculate the remainder when 885160 is divided by 44.
12
Calculate the remainder when 54448 is divided by 1044.
160
What is the remainder when 4791921 is divided by 1672?
1641
What is the remainder when 25534453 is divided by 35?
28
Calculate the remainder when 183085043 is divided by 2709.
2696
Calculate the remainder when 1067922 is divided by 213500.
422
What is the remainder when 274008 is divided by 18080?
2808
What is the remainder when 1811399 is divided by 2482?
2021
Calculate the remainder when 1306001 is divided by 28.
25
Calculate the remainder when 6770606 is divided by 1954.
1950
What is the remainder when 50949896 is divided by 6827?
6822
What is the remainder when 13030331 is divided by 6?
5
What is the remainder when 193870625 is divided by 12116914?
1
Calculate the remainder when 136869 is divided by 2401.
12
What is the remainder when 16734633 is divided by 2457?
6
Calculate the remainder when 35426800 is divided by 2083929.
7
What is the remainder when 7400 is divided by 303?
128
Calculate the remainder when 118986173 is divided by 2825.
2823
Calculate the remainder when 42876544 is divided by 4788.
4
What is the remainder when 11866128 is divided by 120?
48
What is the remainder when 195945 is divided by 718?
649
Calculate the remainder when 15359744 is divided by 2194248.
8
What is the remainder when 3335726 is divided by 115025?
1
Calculate the remainder when 1932437 is divided by 1273.
23
Calculate the remainder when 433993 is divided by 33383.
14
What is the remainder when 121187220 is divided by 10098935?
0
What is the remainder when 19861 is divided by 1655?
1
What is the remainder when 4360064 is divided by 9499?
23
Calculate the remainder when 145678 is divided by 5848.
5326
Calculate the remainder when 2304745 is divided by 63.
16
Calculate the remainder when 34699745 is divided by 1615.
1470
Calculate the remainder when 152758 is divided by 4006.
530
Calculate the remainder when 220825174 is divided by 12.
10
Calculate the remainder when 2465507 is divided by 82176.
227
Calculate the remainder when 8373118 is divided by 120.
118
Calculate the remainder when 6268968 is divided by 583.
552
What is the remainder when 10194197 is divided by 195?
182
What is the remainder when 8863604 is divided by 104?
100
Calculate the remainder when 14624 is divided by 2921.
19
What is the remainder when 1887579 is divided by 145194?
57
What is the remainder when 169562044 is divided by 395?
394
Calculate the remainder when 3852908 is divided by 1284268.
104
What is the remainder when 79280231 is divided by 293?
291
Calculate the remainder when 25478445 is divided by 128679.
3
What is the remainder when 48662484 is divided by 291?
9
Calculate the remainder when 2414353 is divided by 187.
183
What is the remainder when 872110 is divided by 124451?
953
Calculate the remainder when 134153 is divided by 133732.
421
What is the remainder when 20112126 is divided by 505?
501
What is the remainder when 8657461 is divided by 10282?
17
Calculate the remainder when 2917262 is divided by 112.
110
Calculate the remainder when 488858 is divided by 594.
590
Calculate the remainder when 84045 is divided by 1712.
157
What is the remainder when 10277687 is divided by 1090?
77
Calculate the remainder when 11578 is divided by 4846.
1886
What is the remainder when 14352056 is divided by 23?
10
Calculate the remainder when 872282 is divided by 1248.
1178
What is the remainder when 1381960 is divided by 2370?
250
What is the remainder when 33997182 is divided by 399?
387
What is the remainder when 305296 is divided by 25392?
592
Calculate the remainder when 4760187 is divided by 4758618.
1569
Calculate the remainder when 116809 is divided by 2284.
325
Calculate the remainder when 1191213 is divided by 624.
621
Calculate the remainder when 56624 is divided by 5541.
1214
Calculate the remainder when 2010058 is divided by 493.
97
Calculate the remainder when 271617 is divided by 214.
51
Calculate the remainder when 485480 is divided by 66443.
20379
What i